 - g**2 + g - 11. Let h(u) = -4*u**3 + u - 10. Let c(d) = -5*f(d) + 6*h(d). List the prime factors of c(-4).
7
Let i(m) = -1 + 1 + m - 1 + 0. Let o be i(-8). List the prime factors of (12/o)/((-4)/30).
2, 5
Let y(t) = -5*t - 3. What are the prime factors of y(-3)?
2, 3
What are the prime factors of (-2)/(-10) + (-1914)/(-30)?
2
Suppose -62*s = -58*s - 548. What are the prime factors of s?
137
Suppose -3*u + 198 = 3*q, -224 = -5*u + 4*q + 142. What are the prime factors of u?
2, 5, 7
Let n be -6*(4/6)/(-1). List the prime factors of ((-6)/n)/((-6)/120).
2, 3, 5
Suppose -2*v + 404 = -22. What are the prime factors of v?
3, 71
Let i(m) = -2*m**3 + 2*m - 1. Let w be i(-2). Suppose -3*j + w + 3 = 5*o, -3*j = -5*o - 64. What are the prime factors of j?
13
Suppose 3*a + 23 = 5*b + 5*a, 0 = 5*b - a - 11. Suppose 0*n = b*n + 6. What are the prime factors of (-13)/(1/(-1)) + n?
11
Let f(g) = 9*g - 1. List the prime factors of f(8).
71
Suppose -2*n - 2*f + 48 = 0, 0 = -4*n + 3*n + 4*f + 14. List the prime factors of n.
2, 11
Let s(k) = k**3 - 14*k**2 + 4*k + 2. List the prime factors of s(14).
2, 29
List the prime factors of (2 + 875/10)*2.
179
Let j(d) = 37*d + 28. List the prime factors of j(5).
3, 71
Let z(g) = -9*g - 10. Let u(l) = -l**3 + 6*l**2 - 5*l - 5. Let c be u(5). List the prime factors of z(c).
5, 7
Let h = -14 - -27. Suppose h = -v + 5*a, 5*v + 2*a - 6*a + 2 = 0. Suppose -v*k + 6*f + 14 = 2*f, -4*k - 2*f = -38. What are the prime factors of k?
3
Let s(u) = -u**3 - 8*u**2 - 4*u + 5. Let d be s(-7). What are the prime factors of (-21)/(-4) - (-4)/d?
5
What are the prime factors of 2/((-72)/(-2004)*(-2)/(-6))?
167
What are the prime factors of (-2475)/(-60) + 6/8?
2, 3, 7
Let t be ((-7)/2)/((-3)/6). Suppose -12*r + 205 = -t*r. List the prime factors of r.
41
Suppose 0*w + 177 = 5*w - 2*u, 5*u + 165 = 5*w. What are the prime factors of w?
37
Suppose -112 = -4*n + 264. List the prime factors of n.
2, 47
Let z be 2 + -2 - (-1 + 0). What are the prime factors of (11 - (1 + 1)) + z?
2, 5
Let r = -30 + 52. Suppose -2*y + r = 4. Let o = y + 0. What are the prime factors of o?
3
Let l = -35 + 64. Suppose 23 + l = 4*y. List the prime factors of y.
13
Let k(a) = a + 3. Let l be k(5). Let v(s) = 3*s + 6. Let r be v(l). Suppose 0*h + r = 5*h. What are the prime factors of h?
2, 3
Suppose 0*k - 5*k + 3*j + 550 = 0, -5*k - 5*j = -510. List the prime factors of k.
107
Suppose 3*r = -4*v - 8, 0*v = v + 5. Let n = -5 - -9. Suppose 3*z = -n*d - 0*z + 56, 4*z - 52 = -r*d. What are the prime factors of d?
17
Let k(y) = y - 1. Let i be k(-5). Suppose 8 + 12 = 4*g. List the prime factors of g/(-15) + (-68)/i.
11
Let u = 138 - 67. What are the prime factors of u?
71
Suppose -4*p = 4*k + 8 - 0, k - 10 = 5*p. Suppose 2*u - u - 16 = k. Suppose -2*b + u = 2*b. What are the prime factors of b?
2
Let n = 0 - 3. Let b = n - 0. List the prime factors of (-16)/3*b/2.
2
Let n(a) = -10 - 2*a - 5 - 1 + 0*a. What are the prime factors of n(-12)?
2
Suppose 396 = 5*n + 136. List the prime factors of n.
2, 13
Let v = -87 - -123. Suppose v = 4*o - o. What are the prime factors of o?
2, 3
Let y be (-21)/(-6)*2/7. Let x(c) = 3*c**3 - 2*c**2 + 3*c - 2. List the prime factors of x(y).
2
Let f = -9 + 17. Let u = f - -28. What are the prime factors of u?
2, 3
Suppose 3*p = -5*o + 6*p - 15, 0 = -3*o + 5*p + 7. Let i(d) = -d**2 - 6*d + 6. What are the prime factors of i(o)?
2, 3
Let x = 5 - 2. Suppose -3 = -3*b + x. What are the prime factors of (-32)/(-6) - b/(-3)?
2, 3
Suppose -601 = -8*v + 119. List the prime factors of v.
2, 3, 5
Let l(h) = -8*h - 6. What are the prime factors of l(-4)?
2, 13
Suppose 126 + 71 = z. List the prime factors of z.
197
Suppose -2*q - u = -12, 4*q - 3*u + 1 = 45. What are the prime factors of q?
2
Let h = -3 - -22. What are the prime factors of h?
19
Let r be (-49)/28*4*-2. List the prime factors of 410/r - (-18)/(-63).
29
Let x(u) = 24*u**2 - 3*u - 9. List the prime factors of x(-2).
3, 31
Let o(a) = -2*a - 7 - 5 - a + 2*a. Let w be o(-12). Let m = 2 - w. List the prime factors of m.
2
Suppose -8 - 19 = 3*j. What are the prime factors of 16 - 1 - (-9)/j?
2, 7
Let w be (2/(-2))/((-1)/4). Suppose -l + 5*o = -30, -2*o = -w*l + o + 35. Suppose -j + 5*u + 20 = u, 0 = l*u + 10. List the prime factors of j.
2, 3
Suppose 4*g - 212 = -0*g. List the prime factors of g.
53
Let g = -93 - -149. Let j = -34 + g. What are the prime factors of j/4 - (-3)/6?
2, 3
Let l = 19 - 5. Suppose 5*a - l = -3*v, 0 = -5*a + 3*v - 3 + 29. What are the prime factors of 30/a*6/9?
5
Let u(f) = -57*f - 27. Let n be u(12). List the prime factors of (-1)/(-5) + n/(-45).
2
Suppose -5*u - 2*a = -120, u - 48 = -u + 4*a. Suppose o = h + 4*h + u, -2*o + 48 = -h. What are the prime factors of o?
2, 3
Let l be (2 + -4)*300/(-8). Suppose 3*b + l = 5*t - 2*b, 4*t = b + 48. What are the prime factors of t?
11
Let i(d) be the third derivative of d**5/30 - d**4/8 - d**3/2 - 3*d**2. List the prime factors of i(4).
17
Let x(f) = f**3 + 11*f**2 + 7*f + 5. Let z be x(-10). Suppose 0 = 3*j + 2*j - z. What are the prime factors of j?
7
Let q(i) = 2*i**2 - 3*i - 2. Let p be q(9). Suppose -4*v = -5*n + p, n + 2*v - 7 = 14. What are the prime factors of n?
5
Let l(j) = 4*j + 2. Let m be l(-2). Let i be m/(-6) - (-1 - -1). Let h = i + 5. List the prime factors of h.
2, 3
Suppose 0 = -3*x - 2 - 1. Let f = -6 - x. Let i = -3 - f. What are the prime factors of i?
2
Suppose 4*c = -0*c + 16. What are the prime factors of (3/(-9))/(c/(-132))?
11
Let b = 11 + -6. Let h be 6/21 + 46/(-14). List the prime factors of (b*3)/(h/(-2)).
2, 5
Suppose 3*i + 4*p + 28 = 0, -2*p + 3 = -3*i - 1. Let w = i + 8. What are the prime factors of w?
2
Suppose -3*i + i = 5*q - 10, 4*i = 0. Suppose -j + q*r = -5*j + 66, 0 = -5*j + 5*r + 90. What are the prime factors of j?
17
Suppose -4*l = -4*c - 20, 2*l - 12 - 6 = 3*c. Let t(b) = b**2 + 8*b + 9. Let k be t(c). List the prime factors of (k - 0) + 6/3.
11
Suppose -5*q - 86 = -16. Let o = 42 - q. List the prime factors of o.
2, 7
Let u(k) = k**2 - 7*k - 1. List the prime factors of u(8).
7
Let g = 6 + -93. List the prime factors of g/(-6) - (-3)/(-6).
2, 7
Let v = -1 - -5. Suppose -v*s + 9 = -s - u, -3*u - 15 = -3*s. Let z(m) = m**3 + m**2 - 2*m - 1. What are the prime factors of z(s)?
7
Suppose -m = -6*j + 3*j + 393, 0 = -5*j - 5*m + 655. List the prime factors of j.
131
Suppose -8*r = -3*r. Suppose 3*l - 11 - 19 = r. List the prime factors of l.
2, 5
Let j = -122 - -217. List the prime factors of j.
5, 19
Let d(k) = -k**3 - 6*k**2 + 10*k + 9. Let t be d(-7). Let q be (t/(-14))/(5/(-105)). Let c = -4 - q. List the prime factors of c.
2, 7
Suppose -4*o = -20, 22 + 23 = 5*s - 5*o. Let i = s - 5. Suppose v = 5*a - i, 5*v + 0*a = -5*a + 75. List the prime factors of v.
11
Suppose 56 = 6*c - 4*c. What are the prime factors of c?
2, 7
Let v = 2 + -4. Let a = 16 + v. Suppose -g = 3*u - a, -3*u + g = -13 - 9. List the prime factors of u.
2, 3
Suppose -162 = -2*s + 6. List the prime factors of s.
2, 3, 7
Suppose -4*w + 16 + 24 = 0. Let y be (-3)/15 + (-38)/w. What are the prime factors of 6/y*8/(-6)?
2
Let l be -1 + 1 + (-5 - -8). Suppose -5*f - 3*y = -2*f - 69, -2*f - l*y = -47. Suppose 5*b = 28 + f. List the prime factors of b.
2, 5
Let x be 5/(-1) + 15/5. Let p(v) = -2*v - 6. Let j(l) = -1. Let k(b) = -14*j(b) + 2*p(b). What are the prime factors of k(x)?
2, 5
Suppose 2*v - 20 = -2*v. List the prime factors of v.
5
Let r(t) = -t**2 + 7*t + 2. Let j be r(5). What are the prime factors of j/8*(-32)/(-6)?
2
Suppose 0*i + 41 = -3*j - 5*i, 34 = -3*j + 2*i. What are the prime factors of ((-12)/2)/(8/j)?
3
Suppose 0 = 7*c - 23 - 54. What are the prime factors of c?
11
Let d = -5 + 7. Suppose 8 = -2*k - 2*a, d*k - 17 = 3*a - 0. Suppose 0 = -r - 6*h + 4*h - k, 0 = -3*r - 4*h + 5. List the prime factors of r.
7
Let y = 31 + -14. Suppose -2*l + 3*l = y. List the prime factors of l.
17
Let v be (2 + -1)*(6 - 6). Suppose 2*y + 0*y + 20 = v. Let i(f) = -2*f - 7. What are the prime factors of i(y)?
13
Suppose 36 = 3*u + 2*q, -43 = -4*u - 4*q + 1. Suppose 2*d = 3*c + u, -3*d + 3*c + 22 = -2*c. List the prime factors of d.
2
Suppose r = -m - 3*m + 50, 4*m - 4*r = 40. List the prime factors of m.
2, 3
Let l(h) =